{"id":2893,"date":"2025-02-25T14:55:57","date_gmt":"2025-02-25T13:55:57","guid":{"rendered":"https:\/\/www.weanhean.at\/content\/?page_id=2893"},"modified":"2026-02-04T11:45:29","modified_gmt":"2026-02-04T10:45:29","slug":"dienstag-29-april-2025","status":"publish","type":"page","link":"https:\/\/www.weanhean.at\/content\/weanhean2025\/programm-2025\/dienstag-29-april-2025\/","title":{"rendered":"DIENSTAG, 29. APRIL 2025"},"content":{"rendered":"\n<h2 class=\"wp-block-heading\">LEOPOLDI. EINE SOIR\u00c9E <\/h2>\n\n\n\n<p>Die Vergabe eines Hermann Leopoldi Preises entstand mit der Idee, Verdienste um das Wienerlied zu w\u00fcrdigen. Hermann Leopoldi war begnadeter Komponist und Klavierhumorist in einem, viele seiner Lieder sind bis heute im kollektiven Bewusstsein verankert. Seit 2018 wurde der Preis \u2013 von Sohn Ronald Leopoldi pers\u00f6nlich \u2013 an Gerhard Ernst, Heinz Zednik und Boris Eder vergeben. Wie viele wissen, ist Schauspieler Cornelius Obonya mit dem Liedrepertoire Hermann Leopoldis bestens vertraut, seine Interpretationen verk\u00f6rpern das Leopoldische Werk punktgenau. Die Preisverleihung an ihn wird mit ebenb\u00fcrtigen Kolleg:innen aus dem musikalischen Fach zelebriert, weder in einem kleinen Caf\u00e9 in Hernals noch bei Tannenbaum, sondern im Bockkeller!<\/p>\n\n\n\n<blockquote class=\"wp-block-quote is-layout-flow wp-block-quote-is-layout-flow\">\n<p><strong><a href=\"https:\/\/corneliusobonya.com\/\" data-type=\"link\" data-id=\"https:\/\/corneliusobonya.com\/\" target=\"_blank\" rel=\"noreferrer noopener\">CORNELIUS OBONYA<\/a><\/strong><br><a href=\"https:\/\/www.traudeholzer.com\/traude-holzer\" target=\"_blank\" rel=\"noreferrer noopener\"><strong>TRAUDE HOLZER<\/strong><br><\/a><a href=\"https:\/\/www.belakoreny.at\/\" target=\"_blank\" rel=\"noreferrer noopener\">BELA KORENY<\/a><br><strong><a href=\"https:\/\/www.helmutthomasstippich.com\/\" target=\"_blank\" rel=\"noreferrer noopener\">HELMUT T. STIPPICH<\/a><\/strong><\/p>\n<\/blockquote>\n\n\n\n<p><\/p>\n\n\n\n<div class=\"wp-block-buttons is-layout-flex wp-block-buttons-is-layout-flex\">\n<div class=\"wp-block-button\"><a class=\"wp-block-button__link wp-element-button\">TICKETS<\/a><\/div>\n<\/div>\n\n\n\n<p><\/p>\n\n\n\n<p><strong>Die Veranstaltung ist bereits ausverkauft.<\/strong><\/p>\n\n\n\n<h4 class=\"wp-block-heading\">Uhrzeit<\/h4>\n\n\n\n<p>Beginn 19:30 | Einlass 18:30<\/p>\n\n\n\n<h4 class=\"wp-block-heading\"><a href=\"https:\/\/www.wienervolksliedwerk.at\/\" target=\"_blank\" rel=\"noreferrer noopener\">LIEBHARTSTALER BOCKKELLER<\/a><\/h4>\n\n\n\n<p>1160 Wien | Gallitzinstra\u00dfe 1 | U3 Ottakring + 45A\/46B Ottakringer Friedhof | 44\/46 Maroltingergasse<\/p>\n\n\n<div data-carousel-extra='{\"blog_id\":1,\"permalink\":\"https:\\\/\\\/www.weanhean.at\\\/content\\\/weanhean2025\\\/programm-2025\\\/dienstag-29-april-2025\\\/\"}' class=\"tiled-gallery type-rectangular\" data-original-width=\"990\"><div class=\"gallery-row\" style=\"width: 985px; height: 841px;\"><div class=\"gallery-group images-1\" style=\"width: 565px; height: 845px;\"><div class=\"tiled-gallery-item tiled-gallery-item-full\"><a href=\"https:\/\/www.weanhean.at\/content\/weanhean2025\/programm-2025\/dienstag-29-april-2025\/cornelius_obonya_c_sasha_ilushina\/\"><img loading=\"lazy\" decoding=\"async\" data-attachment-id=\"2899\" data-orig-file=\"https:\/\/www.weanhean.at\/content\/wp-content\/uploads\/2025\/02\/Cornelius_Obonya_c_Sasha_Ilushina-scaled.jpg\" data-orig-size=\"1707,2560\" data-comments-opened=\"0\" data-image-meta=\"{&quot;aperture&quot;:&quot;0&quot;,&quot;credit&quot;:&quot;&quot;,&quot;camera&quot;:&quot;&quot;,&quot;caption&quot;:&quot;&quot;,&quot;created_timestamp&quot;:&quot;0&quot;,&quot;copyright&quot;:&quot;&quot;,&quot;focal_length&quot;:&quot;0&quot;,&quot;iso&quot;:&quot;0&quot;,&quot;shutter_speed&quot;:&quot;0&quot;,&quot;title&quot;:&quot;&quot;,&quot;orientation&quot;:&quot;0&quot;}\" data-image-title=\"Cornelius_Obonya_c_Sasha_Ilushina\" data-image-description=\"\" data-medium-file=\"https:\/\/www.weanhean.at\/content\/wp-content\/uploads\/2025\/02\/Cornelius_Obonya_c_Sasha_Ilushina-200x300.jpg\" data-large-file=\"https:\/\/www.weanhean.at\/content\/wp-content\/uploads\/2025\/02\/Cornelius_Obonya_c_Sasha_Ilushina-683x1024.jpg\" src=\"https:\/\/www.weanhean.at\/content\/wp-content\/uploads\/2025\/02\/Cornelius_Obonya_c_Sasha_Ilushina-scaled.jpg\" width=\"561\" height=\"841\" align=\"left\" title=\"Cornelius_Obonya_c_Sasha_Ilushina\" \/><\/a><\/div><\/div><div class=\"gallery-group images-3\" style=\"width: 420px; height: 845px;\"><div class=\"tiled-gallery-item tiled-gallery-item-full\"><a href=\"https:\/\/www.weanhean.at\/content\/weanhean2025\/programm-2025\/dienstag-29-april-2025\/traude_holzer_c_stephan_mussil\/\"><img loading=\"lazy\" decoding=\"async\" data-attachment-id=\"2898\" data-orig-file=\"https:\/\/www.weanhean.at\/content\/wp-content\/uploads\/2025\/02\/Traude_Holzer_c_Stephan_Mussil.jpg\" data-orig-size=\"2200,1467\" data-comments-opened=\"0\" data-image-meta=\"{&quot;aperture&quot;:&quot;0&quot;,&quot;credit&quot;:&quot;&quot;,&quot;camera&quot;:&quot;&quot;,&quot;caption&quot;:&quot;&quot;,&quot;created_timestamp&quot;:&quot;0&quot;,&quot;copyright&quot;:&quot;&quot;,&quot;focal_length&quot;:&quot;0&quot;,&quot;iso&quot;:&quot;0&quot;,&quot;shutter_speed&quot;:&quot;0&quot;,&quot;title&quot;:&quot;&quot;,&quot;orientation&quot;:&quot;0&quot;}\" data-image-title=\"Traude_Holzer_c_Stephan_Mussil\" data-image-description=\"\" data-medium-file=\"https:\/\/www.weanhean.at\/content\/wp-content\/uploads\/2025\/02\/Traude_Holzer_c_Stephan_Mussil-300x200.jpg\" data-large-file=\"https:\/\/www.weanhean.at\/content\/wp-content\/uploads\/2025\/02\/Traude_Holzer_c_Stephan_Mussil-1024x683.jpg\" src=\"https:\/\/www.weanhean.at\/content\/wp-content\/uploads\/2025\/02\/Traude_Holzer_c_Stephan_Mussil.jpg\" width=\"416\" height=\"277\" align=\"left\" title=\"Traude_Holzer_c_Stephan_Mussil\" \/><\/a><\/div><div class=\"tiled-gallery-item tiled-gallery-item-full\"><a href=\"https:\/\/www.weanhean.at\/content\/bela_koreny_c_herbert_zotti\/\"><img loading=\"lazy\" decoding=\"async\" data-attachment-id=\"2933\" data-orig-file=\"https:\/\/www.weanhean.at\/content\/wp-content\/uploads\/2025\/02\/Bela_Koreny_c_Herbert_Zotti.jpg\" data-orig-size=\"1772,1183\" data-comments-opened=\"0\" data-image-meta=\"{&quot;aperture&quot;:&quot;5.3&quot;,&quot;credit&quot;:&quot;H.Zotti&quot;,&quot;camera&quot;:&quot;NIKON D800E&quot;,&quot;caption&quot;:&quot;&quot;,&quot;created_timestamp&quot;:&quot;1430164806&quot;,&quot;copyright&quot;:&quot;&quot;,&quot;focal_length&quot;:&quot;230&quot;,&quot;iso&quot;:&quot;1250&quot;,&quot;shutter_speed&quot;:&quot;0.00625&quot;,&quot;title&quot;:&quot;&quot;,&quot;orientation&quot;:&quot;1&quot;}\" data-image-title=\"Bela_Koreny_c_Herbert_Zotti\" data-image-description=\"\" data-medium-file=\"https:\/\/www.weanhean.at\/content\/wp-content\/uploads\/2025\/02\/Bela_Koreny_c_Herbert_Zotti-300x200.jpg\" data-large-file=\"https:\/\/www.weanhean.at\/content\/wp-content\/uploads\/2025\/02\/Bela_Koreny_c_Herbert_Zotti-1024x684.jpg\" src=\"https:\/\/www.weanhean.at\/content\/wp-content\/uploads\/2025\/02\/Bela_Koreny_c_Herbert_Zotti.jpg\" width=\"416\" height=\"278\" align=\"left\" title=\"Bela_Koreny_c_Herbert_Zotti\" \/><\/a><\/div><div class=\"tiled-gallery-item tiled-gallery-item-full\"><a href=\"https:\/\/www.weanhean.at\/content\/weanhean2025\/programm-2025\/dienstag-29-april-2025\/helmut_stippich_c_stephan_mussil\/\"><img loading=\"lazy\" decoding=\"async\" data-attachment-id=\"2897\" data-orig-file=\"https:\/\/www.weanhean.at\/content\/wp-content\/uploads\/2025\/02\/Helmut_Stippich_c_Stephan_Mussil.jpg\" data-orig-size=\"2200,1469\" data-comments-opened=\"0\" data-image-meta=\"{&quot;aperture&quot;:&quot;0&quot;,&quot;credit&quot;:&quot;Stephan Mussil&quot;,&quot;camera&quot;:&quot;&quot;,&quot;caption&quot;:&quot;&quot;,&quot;created_timestamp&quot;:&quot;1709281254&quot;,&quot;copyright&quot;:&quot;(c)2020 www.mussil.eu&quot;,&quot;focal_length&quot;:&quot;0&quot;,&quot;iso&quot;:&quot;0&quot;,&quot;shutter_speed&quot;:&quot;0&quot;,&quot;title&quot;:&quot;&quot;,&quot;orientation&quot;:&quot;1&quot;}\" data-image-title=\"Helmut_Stippich_c_Stephan_Mussil\" data-image-description=\"\" data-medium-file=\"https:\/\/www.weanhean.at\/content\/wp-content\/uploads\/2025\/02\/Helmut_Stippich_c_Stephan_Mussil-300x200.jpg\" data-large-file=\"https:\/\/www.weanhean.at\/content\/wp-content\/uploads\/2025\/02\/Helmut_Stippich_c_Stephan_Mussil-1024x684.jpg\" src=\"https:\/\/www.weanhean.at\/content\/wp-content\/uploads\/2025\/02\/Helmut_Stippich_c_Stephan_Mussil.jpg\" width=\"416\" height=\"278\" align=\"left\" title=\"Helmut_Stippich_c_Stephan_Mussil\" \/><\/a><\/div><\/div><\/div><\/div>","protected":false},"excerpt":{"rendered":"<p>LEOPOLDI. EINE SOIR\u00c9E Die Vergabe eines Hermann Leopoldi Preises entstand mit der Idee, Verdienste um das Wienerlied zu w\u00fcrdigen. Hermann Leopoldi war begnadeter Komponist und Klavierhumorist in einem, viele seiner<a href=\"https:\/\/www.weanhean.at\/content\/weanhean2025\/programm-2025\/dienstag-29-april-2025\/\" class=\"more-link\"><span class=\"readmore\">Continue reading<span class=\"screen-reader-text\">DIENSTAG, 29. APRIL 2025<\/span><\/span><\/a><\/p>\n","protected":false},"author":1,"featured_media":0,"parent":2801,"menu_order":0,"comment_status":"closed","ping_status":"closed","template":"","meta":{"footnotes":""},"class_list":["post-2893","page","type-page","status-publish","hentry"],"_links":{"self":[{"href":"https:\/\/www.weanhean.at\/content\/wp-json\/wp\/v2\/pages\/2893","targetHints":{"allow":["GET"]}}],"collection":[{"href":"https:\/\/www.weanhean.at\/content\/wp-json\/wp\/v2\/pages"}],"about":[{"href":"https:\/\/www.weanhean.at\/content\/wp-json\/wp\/v2\/types\/page"}],"author":[{"embeddable":true,"href":"https:\/\/www.weanhean.at\/content\/wp-json\/wp\/v2\/users\/1"}],"replies":[{"embeddable":true,"href":"https:\/\/www.weanhean.at\/content\/wp-json\/wp\/v2\/comments?post=2893"}],"version-history":[{"count":12,"href":"https:\/\/www.weanhean.at\/content\/wp-json\/wp\/v2\/pages\/2893\/revisions"}],"predecessor-version":[{"id":3199,"href":"https:\/\/www.weanhean.at\/content\/wp-json\/wp\/v2\/pages\/2893\/revisions\/3199"}],"up":[{"embeddable":true,"href":"https:\/\/www.weanhean.at\/content\/wp-json\/wp\/v2\/pages\/2801"}],"wp:attachment":[{"href":"https:\/\/www.weanhean.at\/content\/wp-json\/wp\/v2\/media?parent=2893"}],"curies":[{"name":"wp","href":"https:\/\/api.w.org\/{rel}","templated":true}]}}