{"id":349,"date":"2023-02-14T11:36:27","date_gmt":"2023-02-14T10:36:27","guid":{"rendered":"https:\/\/www.weanhean.at\/content\/?page_id=349"},"modified":"2023-04-17T16:18:40","modified_gmt":"2023-04-17T14:18:40","slug":"montag-1-mai-2023","status":"publish","type":"page","link":"https:\/\/www.weanhean.at\/content\/weanhean2023\/programm2023\/montag-1-mai-2023\/","title":{"rendered":"MONTAG, 1. MAI 2023"},"content":{"rendered":"\n<h2 class=\"wp-block-heading\">SCHRAMMEL-MONTAG<\/h2>\n\n\n<p>F\u00fcr die Mehrheit der Menschen ist der Montag ja nicht gerade der Tag, um einen Freudenwalzer zu hatschen. Manche sehnen ihn aber geradezu herbei, den 1. Montag im Monat. Da hei\u00dft es n\u00e4mlich traditionsgem\u00e4\u00df: Alles schrammelt! <br \/>Die Neuen Wiener Concert Schrammeln traben im Bockkeller an und mit ihnen ein meist gut gelauntes Stammpublikum, das sich gen\u00fcsslich Spritzer, Schrammel-Teller und ebensolche Musik auf wohltuend verl\u00e4sslichem Niveau einverleibt. <br \/>Im zweiten Teil des Abends hei\u00dft es wie immer: B\u00fchne frei &#8211; komme, wer wolle! Ein- und Aussteiger:innen herzlich willkommen! Ob Profimusikerin oder Amateurmusikant \u2013 sie alle warten mehr oder minder aufgeregt auf ihren Einsatz. Und wer wei\u00df, vielleicht taucht diesmal ja sogar Georg Kreislers Triangel-Spieler auf. Bling macht es auf alle F\u00e4lle.<\/p>\n\n\n<blockquote class=\"wp-block-quote is-layout-flow wp-block-quote-is-layout-flow\">\n<p><a rel=\"noreferrer noopener\" href=\"https:\/\/www.concertschrammeln.at\/\" target=\"_blank\">Neue Wiener Concert Schrammeln<\/a> &amp; G\u00e4ste<\/p>\n<\/blockquote>\n\n\n\n<h4 class=\"wp-block-heading\">Tickets<\/h4>\n\n\n<p><span style=\"color: #a81417;\">Die Veranstaltung ist ausverkauft!<\/span><\/p>\n\n\n<h4 class=\"wp-block-heading\">Uhrzeit<\/h4>\n\n\n\n<p>Beginn 19:00 | Einlass 18:00<\/p>\n\n\n\n<h4 class=\"wp-block-heading\"><a href=\"https:\/\/wienervolksliedwerk.at\/\" data-type=\"URL\" data-id=\"https:\/\/wienervolksliedwerk.at\/\" target=\"_blank\" rel=\"noreferrer noopener\">Liebhartstaler Bockkeller<\/a><\/h4>\n\n\n\n<p>1160 Wien | Gallitzinstra\u00dfe 1 | U3 Ottakring + 45A\/46B Ottakringer Friedhof | 44 Maroltingergasse<\/p>\n\n\n\n<figure class=\"wp-block-gallery has-nested-images columns-default is-cropped wp-block-gallery-1 is-layout-flex wp-block-gallery-is-layout-flex\">\n<figure class=\"wp-block-image size-large\"><img loading=\"lazy\" decoding=\"async\" width=\"1024\" height=\"683\" data-id=\"351\" src=\"https:\/\/www.weanhean.at\/content\/wp-content\/uploads\/2023\/02\/Neue-Wiener-Concert-Schrammeln1_c_Stephan-Mussil-1024x683.jpg\" alt=\"\" class=\"wp-image-351\" srcset=\"https:\/\/www.weanhean.at\/content\/wp-content\/uploads\/2023\/02\/Neue-Wiener-Concert-Schrammeln1_c_Stephan-Mussil-1024x683.jpg 1024w, https:\/\/www.weanhean.at\/content\/wp-content\/uploads\/2023\/02\/Neue-Wiener-Concert-Schrammeln1_c_Stephan-Mussil-300x200.jpg 300w, https:\/\/www.weanhean.at\/content\/wp-content\/uploads\/2023\/02\/Neue-Wiener-Concert-Schrammeln1_c_Stephan-Mussil-768x512.jpg 768w, https:\/\/www.weanhean.at\/content\/wp-content\/uploads\/2023\/02\/Neue-Wiener-Concert-Schrammeln1_c_Stephan-Mussil.jpg 1325w\" sizes=\"auto, (max-width: 1024px) 100vw, 1024px\" \/><\/figure>\n\n\n\n<figure class=\"wp-block-image size-large\"><img loading=\"lazy\" decoding=\"async\" width=\"1024\" height=\"1024\" data-id=\"284\" src=\"https:\/\/www.weanhean.at\/content\/wp-content\/uploads\/2023\/02\/01052023_Schrammelmontag_c_Herbert-Zotti-1024x1024.jpg\" alt=\"\" class=\"wp-image-284\" srcset=\"https:\/\/www.weanhean.at\/content\/wp-content\/uploads\/2023\/02\/01052023_Schrammelmontag_c_Herbert-Zotti-1024x1024.jpg 1024w, https:\/\/www.weanhean.at\/content\/wp-content\/uploads\/2023\/02\/01052023_Schrammelmontag_c_Herbert-Zotti-300x300.jpg 300w, https:\/\/www.weanhean.at\/content\/wp-content\/uploads\/2023\/02\/01052023_Schrammelmontag_c_Herbert-Zotti-150x150.jpg 150w, https:\/\/www.weanhean.at\/content\/wp-content\/uploads\/2023\/02\/01052023_Schrammelmontag_c_Herbert-Zotti-768x768.jpg 768w, https:\/\/www.weanhean.at\/content\/wp-content\/uploads\/2023\/02\/01052023_Schrammelmontag_c_Herbert-Zotti-1536x1536.jpg 1536w, https:\/\/www.weanhean.at\/content\/wp-content\/uploads\/2023\/02\/01052023_Schrammelmontag_c_Herbert-Zotti-640x640.jpg 640w, https:\/\/www.weanhean.at\/content\/wp-content\/uploads\/2023\/02\/01052023_Schrammelmontag_c_Herbert-Zotti-180x180.jpg 180w, https:\/\/www.weanhean.at\/content\/wp-content\/uploads\/2023\/02\/01052023_Schrammelmontag_c_Herbert-Zotti-50x50.jpg 50w, https:\/\/www.weanhean.at\/content\/wp-content\/uploads\/2023\/02\/01052023_Schrammelmontag_c_Herbert-Zotti.jpg 1920w\" sizes=\"auto, (max-width: 1024px) 100vw, 1024px\" \/><\/figure>\n\n\n\n<figure class=\"wp-block-image size-large\"><img loading=\"lazy\" decoding=\"async\" width=\"1024\" height=\"683\" data-id=\"350\" src=\"https:\/\/www.weanhean.at\/content\/wp-content\/uploads\/2023\/02\/Neue-Wiener-Concert-Schrammeln2_c_Stephan-Mussil-1024x683.jpg\" alt=\"\" class=\"wp-image-350\" srcset=\"https:\/\/www.weanhean.at\/content\/wp-content\/uploads\/2023\/02\/Neue-Wiener-Concert-Schrammeln2_c_Stephan-Mussil-1024x683.jpg 1024w, https:\/\/www.weanhean.at\/content\/wp-content\/uploads\/2023\/02\/Neue-Wiener-Concert-Schrammeln2_c_Stephan-Mussil-300x200.jpg 300w, https:\/\/www.weanhean.at\/content\/wp-content\/uploads\/2023\/02\/Neue-Wiener-Concert-Schrammeln2_c_Stephan-Mussil-768x512.jpg 768w, https:\/\/www.weanhean.at\/content\/wp-content\/uploads\/2023\/02\/Neue-Wiener-Concert-Schrammeln2_c_Stephan-Mussil.jpg 1325w\" sizes=\"auto, (max-width: 1024px) 100vw, 1024px\" \/><\/figure>\n<\/figure>\n","protected":false},"excerpt":{"rendered":"<p>SCHRAMMEL-MONTAG F\u00fcr die Mehrheit der Menschen ist der Montag ja nicht gerade der Tag, um einen Freudenwalzer zu hatschen. Manche sehnen ihn aber geradezu herbei, den 1. Montag im Monat.<a href=\"https:\/\/www.weanhean.at\/content\/weanhean2023\/programm2023\/montag-1-mai-2023\/\" class=\"more-link\"><span class=\"readmore\">Continue reading<span class=\"screen-reader-text\">MONTAG, 1. MAI 2023<\/span><\/span><\/a><\/p>\n","protected":false},"author":1,"featured_media":847,"parent":16,"menu_order":0,"comment_status":"closed","ping_status":"closed","template":"","meta":{"footnotes":""},"class_list":["post-349","page","type-page","status-publish","has-post-thumbnail","hentry"],"_links":{"self":[{"href":"https:\/\/www.weanhean.at\/content\/wp-json\/wp\/v2\/pages\/349","targetHints":{"allow":["GET"]}}],"collection":[{"href":"https:\/\/www.weanhean.at\/content\/wp-json\/wp\/v2\/pages"}],"about":[{"href":"https:\/\/www.weanhean.at\/content\/wp-json\/wp\/v2\/types\/page"}],"author":[{"embeddable":true,"href":"https:\/\/www.weanhean.at\/content\/wp-json\/wp\/v2\/users\/1"}],"replies":[{"embeddable":true,"href":"https:\/\/www.weanhean.at\/content\/wp-json\/wp\/v2\/comments?post=349"}],"version-history":[{"count":12,"href":"https:\/\/www.weanhean.at\/content\/wp-json\/wp\/v2\/pages\/349\/revisions"}],"predecessor-version":[{"id":1077,"href":"https:\/\/www.weanhean.at\/content\/wp-json\/wp\/v2\/pages\/349\/revisions\/1077"}],"up":[{"embeddable":true,"href":"https:\/\/www.weanhean.at\/content\/wp-json\/wp\/v2\/pages\/16"}],"wp:featuredmedia":[{"embeddable":true,"href":"https:\/\/www.weanhean.at\/content\/wp-json\/wp\/v2\/media\/847"}],"wp:attachment":[{"href":"https:\/\/www.weanhean.at\/content\/wp-json\/wp\/v2\/media?parent=349"}],"curies":[{"name":"wp","href":"https:\/\/api.w.org\/{rel}","templated":true}]}}