{"id":3785,"date":"2026-02-04T12:28:42","date_gmt":"2026-02-04T11:28:42","guid":{"rendered":"https:\/\/www.weanhean.at\/content\/?page_id=3785"},"modified":"2026-03-31T13:29:07","modified_gmt":"2026-03-31T11:29:07","slug":"programm2026","status":"publish","type":"page","link":"https:\/\/www.weanhean.at\/content\/programm2026\/","title":{"rendered":"Programm 2026"},"content":{"rendered":"\n<p><\/p>\n\n\n\n<h2 class=\"wp-block-heading\">FESTIVALER\u00d6FFNUNG: OWA JETZT!  <\/h2>\n\n\n\n<div class=\"wp-block-buttons is-layout-flex wp-block-buttons-is-layout-flex\">\n<div class=\"wp-block-button\"><a class=\"wp-block-button__link wp-element-button\" href=\"https:\/\/www.weanhean.at\/content\/dienstag-21-april-2026\/\">DIENSTAG, 21. APRIL 2026<\/a><\/div>\n<\/div>\n\n\n\n<p><\/p>\n\n\n\n<div class=\"wp-block-buttons is-layout-flex wp-block-buttons-is-layout-flex\">\n<div class=\"wp-block-button\"><a class=\"wp-block-button__link wp-element-button\">FREIE SPENDE<\/a><\/div>\n<\/div>\n\n\n\n<h2 class=\"wp-block-heading\">SAGEN AUS WIEN. EINE MATIN\u00c9E <\/h2>\n\n\n\n<div class=\"wp-block-buttons is-layout-flex wp-block-buttons-is-layout-flex\">\n<div class=\"wp-block-button\"><a class=\"wp-block-button__link wp-element-button\" href=\"https:\/\/www.weanhean.at\/content\/sonntag-26-april-2026\/\">SONNTAG, 26. APRIL 2026<\/a><\/div>\n<\/div>\n\n\n\n<p><\/p>\n\n\n\n<div class=\"wp-block-buttons is-layout-flex wp-block-buttons-is-layout-flex\">\n<div class=\"wp-block-button\"><a class=\"wp-block-button__link wp-element-button\" href=\"https:\/\/shop.akzent.at\/SelectSeats?ret=2&amp;e=8409\" target=\"_blank\" rel=\"noreferrer noopener\">TICKETS<\/a><\/div>\n<\/div>\n\n\n\n<h2 class=\"wp-block-heading\">QUASI ZUM LACHEN<br>IN GEDENKEN AN HELMUT QUALTINGER UND SEINE ZEIT <\/h2>\n\n\n\n<div class=\"wp-block-buttons is-layout-flex wp-block-buttons-is-layout-flex\">\n<div class=\"wp-block-button\"><a class=\"wp-block-button__link wp-element-button\" href=\"https:\/\/www.weanhean.at\/content\/montag-27-april-2026\/\">MONTAG, 27. APRIL 2026<\/a><\/div>\n<\/div>\n\n\n\n<p><\/p>\n\n\n\n<div class=\"wp-block-buttons is-layout-flex wp-block-buttons-is-layout-flex\">\n<div class=\"wp-block-button\"><a class=\"wp-block-button__link wp-element-button\">AUSVERKAUFT<\/a><\/div>\n<\/div>\n\n\n\n<h2 class=\"wp-block-heading\">EXTRA HUNGARIAM NON EST VITA<br>MULATSCHAG (KLEINES) \u00dcBER LANGE, GEMEINSAME GESCHICHTE<\/h2>\n\n\n\n<div class=\"wp-block-buttons is-layout-flex wp-block-buttons-is-layout-flex\">\n<div class=\"wp-block-button\"><a class=\"wp-block-button__link wp-element-button\" href=\"https:\/\/www.weanhean.at\/content\/donnerstag-30-april-2026\/\">DONNERSTAG, 30. APRIL 2026<\/a><\/div>\n<\/div>\n\n\n\n<p><\/p>\n\n\n\n<div class=\"wp-block-buttons is-layout-flex wp-block-buttons-is-layout-flex\">\n<div class=\"wp-block-button\"><a class=\"wp-block-button__link wp-element-button\" href=\"https:\/\/wienervolksliedwerk.reservix.at\/tickets-extra-hungariam-non-est-vita-in-wien-collegium-hungaricum-am-30-4-2026\/e2528778\" target=\"_blank\" rel=\"noreferrer noopener\">TICKETS<\/a><\/div>\n<\/div>\n\n\n\n<h2 class=\"wp-block-heading\">ZWISCHENPROST. EIN WEAN HEAN STAMMTISCH<\/h2>\n\n\n\n<div class=\"wp-block-buttons is-layout-flex wp-block-buttons-is-layout-flex\">\n<div class=\"wp-block-button\"><a class=\"wp-block-button__link wp-element-button\" href=\"https:\/\/www.weanhean.at\/content\/samstag-2-mai-2026\/\">SAMSTAG, 2. MAI 2026<\/a><\/div>\n<\/div>\n\n\n\n<p><\/p>\n\n\n\n<div class=\"wp-block-buttons is-layout-flex wp-block-buttons-is-layout-flex\">\n<div class=\"wp-block-button\"><a class=\"wp-block-button__link wp-element-button\" href=\"https:\/\/wienervolksliedwerk.reservix.at\/tickets-zwischenprost-in-wien-heuriger-stippert-am-2-5-2026\/e2528784\" target=\"_blank\" rel=\"noreferrer noopener\">TICKETS<\/a><\/div>\n<\/div>\n\n\n\n<h2 class=\"wp-block-heading\">SCHRAMMEL-MONTAG<br>GEBURTSTAGST\u00c4NZE. 140 JAHRE JOSEF MIKULAS<\/h2>\n\n\n\n<div class=\"wp-block-buttons is-layout-flex wp-block-buttons-is-layout-flex\">\n<div class=\"wp-block-button\"><a class=\"wp-block-button__link wp-element-button\" href=\"https:\/\/www.weanhean.at\/content\/montag-4-mai-2026\/\">MONTAG, 4. Mai 2026<\/a><\/div>\n<\/div>\n\n\n\n<p><\/p>\n\n\n\n<div class=\"wp-block-buttons is-layout-flex wp-block-buttons-is-layout-flex\">\n<div class=\"wp-block-button\"><a class=\"wp-block-button__link wp-element-button\" href=\"https:\/\/wienervolksliedwerk.reservix.at\/tickets-schrammel-montag-in-wien-liebhartstaler-bockkeller-am-4-5-2026\/e2528794\" target=\"_blank\" rel=\"noreferrer noopener\">TICKETS<\/a><\/div>\n<\/div>\n\n\n\n<h2 class=\"wp-block-heading\">FRANZL&#8217;S SCHRAMMELN<br>EINE WEAN SCHB\u00dc\u00dcN VERANSTALTUNG IN KOOPERATION MIT DER MUK<\/h2>\n\n\n\n<div class=\"wp-block-buttons is-layout-flex wp-block-buttons-is-layout-flex\">\n<div class=\"wp-block-button\"><a class=\"wp-block-button__link wp-element-button\" href=\"https:\/\/www.weanhean.at\/content\/mittwoch-6-mai-2026\/\">MITTWOCH, 6. Mai 2026<\/a><\/div>\n<\/div>\n\n\n\n<p><\/p>\n\n\n\n<div class=\"wp-block-buttons is-layout-flex wp-block-buttons-is-layout-flex\">\n<div class=\"wp-block-button\"><a class=\"wp-block-button__link wp-element-button\" href=\"https:\/\/musikverein.at\/konzert\/?id=0006be14\" target=\"_blank\" rel=\"noreferrer noopener\">TICKETS<\/a><\/div>\n<\/div>\n\n\n\n<h2 class=\"wp-block-heading\">ALS OB&#8217;S GESTERN G&#8217;WESEN W\u00c4R<br>30 JAHRE KOLLEGIUM KALKSBURG<\/h2>\n\n\n\n<div class=\"wp-block-buttons is-layout-flex wp-block-buttons-is-layout-flex\">\n<div class=\"wp-block-button\"><a class=\"wp-block-button__link wp-element-button\" href=\"https:\/\/www.weanhean.at\/content\/sonntag-10-mai-2026\/\">SONNTAG, 10. mai 2026<\/a><\/div>\n<\/div>\n\n\n\n<p><\/p>\n\n\n\n<div class=\"wp-block-buttons is-layout-flex wp-block-buttons-is-layout-flex\">\n<div class=\"wp-block-button\"><a class=\"wp-block-button__link wp-element-button\" href=\"https:\/\/wienervolksliedwerk.reservix.at\/tickets-als-obs-gestern-gwesen-waer-in-wien-schutzhaus-zukunft-am-10-5-2026\/e2528788\" target=\"_blank\" rel=\"noreferrer noopener\">TICKETS<\/a><\/div>\n<\/div>\n\n\n\n<h2 class=\"wp-block-heading\">DOD, I GLOG DEI BOSHEIT AU <br>FRAN\u00c7OIS VILLON (\u00dcBERS.: H.C. ARTMANN) &amp; ERNST JANDL IN DER VERTONUNG VON GEORG BREINSCHMID<\/h2>\n\n\n\n<div class=\"wp-block-buttons is-layout-flex wp-block-buttons-is-layout-flex\">\n<div class=\"wp-block-button\"><a class=\"wp-block-button__link wp-element-button\" href=\"https:\/\/www.weanhean.at\/content\/dienstag-12-mai-2026\/\">DIENSTAG, 12. mai 2026<\/a><\/div>\n<\/div>\n\n\n\n<p><\/p>\n\n\n\n<div class=\"wp-block-buttons is-layout-flex wp-block-buttons-is-layout-flex\">\n<div class=\"wp-block-button\"><a class=\"wp-block-button__link wp-element-button\" href=\"https:\/\/wienervolksliedwerk.reservix.at\/tickets-dod-i-glog-dei-bosheit-au-in-wien-jugendstiltheater-am-otto-wagner-areal-am-12-5-2026\/e2528793\" target=\"_blank\" rel=\"noreferrer noopener\">TICKETS<\/a><\/div>\n<\/div>\n","protected":false},"excerpt":{"rendered":"<p>FESTIVALER\u00d6FFNUNG: OWA JETZT! SAGEN AUS WIEN. EINE MATIN\u00c9E QUASI ZUM LACHENIN GEDENKEN AN HELMUT QUALTINGER UND SEINE ZEIT EXTRA HUNGARIAM NON EST VITAMULATSCHAG (KLEINES) \u00dcBER LANGE, GEMEINSAME GESCHICHTE ZWISCHENPROST. EIN<a href=\"https:\/\/www.weanhean.at\/content\/programm2026\/\" class=\"more-link\"><span class=\"readmore\">Continue reading<span class=\"screen-reader-text\">Programm 2026<\/span><\/span><\/a><\/p>\n","protected":false},"author":1,"featured_media":850,"parent":0,"menu_order":0,"comment_status":"closed","ping_status":"closed","template":"","meta":{"footnotes":""},"class_list":["post-3785","page","type-page","status-publish","has-post-thumbnail","hentry"],"_links":{"self":[{"href":"https:\/\/www.weanhean.at\/content\/wp-json\/wp\/v2\/pages\/3785","targetHints":{"allow":["GET"]}}],"collection":[{"href":"https:\/\/www.weanhean.at\/content\/wp-json\/wp\/v2\/pages"}],"about":[{"href":"https:\/\/www.weanhean.at\/content\/wp-json\/wp\/v2\/types\/page"}],"author":[{"embeddable":true,"href":"https:\/\/www.weanhean.at\/content\/wp-json\/wp\/v2\/users\/1"}],"replies":[{"embeddable":true,"href":"https:\/\/www.weanhean.at\/content\/wp-json\/wp\/v2\/comments?post=3785"}],"version-history":[{"count":31,"href":"https:\/\/www.weanhean.at\/content\/wp-json\/wp\/v2\/pages\/3785\/revisions"}],"predecessor-version":[{"id":4222,"href":"https:\/\/www.weanhean.at\/content\/wp-json\/wp\/v2\/pages\/3785\/revisions\/4222"}],"wp:featuredmedia":[{"embeddable":true,"href":"https:\/\/www.weanhean.at\/content\/wp-json\/wp\/v2\/media\/850"}],"wp:attachment":[{"href":"https:\/\/www.weanhean.at\/content\/wp-json\/wp\/v2\/media?parent=3785"}],"curies":[{"name":"wp","href":"https:\/\/api.w.org\/{rel}","templated":true}]}}