{"id":394,"date":"2023-02-14T14:52:58","date_gmt":"2023-02-14T13:52:58","guid":{"rendered":"https:\/\/www.weanhean.at\/content\/?page_id=394"},"modified":"2023-04-24T14:32:21","modified_gmt":"2023-04-24T12:32:21","slug":"dienstag-9-mai-2023","status":"publish","type":"page","link":"https:\/\/www.weanhean.at\/content\/weanhean2023\/programm2023\/dienstag-9-mai-2023\/","title":{"rendered":"DIENSTAG, 9. MAI 2023"},"content":{"rendered":"\n<h2 class=\"wp-block-heading\">OLLE OCHTUNG, HERR FESSA!<br>60 JAHRE HAVLICEKER<\/h2>\n\n\n<p>\u201cHoch im Nirvana der Kunst, braucht\u2019s immer auch Genie der Organisation. Ein Meister f\u00fcrwahr, f\u00fcr alle sichtbar, zupft da an der Kontragitarr\u2019.\u201d Welch\u2019 wahre Worte von S\u00e4ngerin und Textdichterin Leni Lust aus ihrem Hit \u201cDa Havliceker\u201d. <strong>wean hean<\/strong> ist nur einer von vielen Hot-Stops auf der Geburtstags-W\u00f6d-Tournee von Peter Havlicek. Denn der ist bekannterma\u00dfen \u00fcberall zuhause. In der Klassik, im Jazz und in der Wiener Musik, vor allem aber in Dornbach und Hauptsache in Begleitung seiner geliebten Kontragitarre. Diese Leidenschaft vermittelt er auch seinen Studierenden, die er an diesem Abend mit hochleben l\u00e4sst. Wir sehen und h\u00f6ren die Kontragitarren-Young-Stars Magdalena Ley und Paul Seifried mit ihren eigenen Schrammel-Ensembles. Im zweiten Teil des Abends st\u00fcrmt der Jubilar mit seinen Freunden Bertl Mayer und Nikolai Tunkowitsch die Schrammel-Partyb\u00fchne. Hipp, hipp, hurra!<\/p>\n\n\n<blockquote class=\"wp-block-quote is-layout-flow wp-block-quote-is-layout-flow\">\n<p><a href=\"https:\/\/www.peterhavlicek.at\/\" target=\"_blank\" rel=\"noreferrer noopener\">Peter Havlicek<\/a><br><a href=\"https:\/\/www.jammusiclab.com\/de\/faculty\/bertl-mayer\" target=\"_blank\" rel=\"noreferrer noopener\">Bertl Mayer<\/a><br><a href=\"https:\/\/www.tunkowitsch.at\/\" target=\"_blank\" rel=\"noreferrer noopener\">Nikolai Tunkowitsch<\/a><\/p>\n\n\n\n<p>Vorstadtkollektiv<br>Viererg&#8217;spann<\/p>\n<\/blockquote>\n\n\n<h4>Tickets<\/h4>\n<p><span style=\"color: #a81417;\">Die Veranstaltung ist AUSVERKAUFT!<\/span><\/p>\n<p>\u20ac 23,- | 20,-* | 17,-**<br \/>Karten gibt&#8217;s <a href=\"https:\/\/wienervolksliedwerk.reservix.at\/p\/reservix\/event\/2065416\" target=\"_blank\" rel=\"noopener\"><strong>HIER<\/strong><\/a>.<\/p>\n<p>Reservierung unter:<br \/>karten@weanhean.at oder <br \/>+43 1 416 23 66<\/p>\n<p>Erm\u00e4\u00dfigungen:<br \/>* wvlw- und \u00d61 Club Mitglieder<br \/>** Sch\u00fcler:innen und Studierende, \u00d61 Intro Mitglieder<\/p>\n<h4>Uhrzeit<\/h4>\n<p>Beginn 19:30 | Einlass 18:30<\/p>\n<h4><a href=\"https:\/\/wienervolksliedwerk.at\/\" target=\"_blank\" rel=\"noopener\">Liebhartstaler Bockkeller<\/a><\/h4>\n<p>1160 Wien | Gallitzinstra\u00dfe 1 | U3 Ottakring + 45A\/46B Ottakringer Friedhof | 44 Maroltingergasse<\/p>\n\n\n<figure class=\"wp-block-gallery has-nested-images columns-default is-cropped wp-block-gallery-1 is-layout-flex wp-block-gallery-is-layout-flex\">\n<figure class=\"wp-block-image size-large\"><img loading=\"lazy\" decoding=\"async\" width=\"1024\" height=\"576\" data-id=\"1022\" src=\"https:\/\/www.weanhean.at\/content\/wp-content\/uploads\/2023\/04\/Magdalena-Ley_Ensemble_1_c_Gregor-Scheibl-und-Caroline-Sandler-1024x576.jpg\" alt=\"\" class=\"wp-image-1022\" srcset=\"https:\/\/www.weanhean.at\/content\/wp-content\/uploads\/2023\/04\/Magdalena-Ley_Ensemble_1_c_Gregor-Scheibl-und-Caroline-Sandler-1024x576.jpg 1024w, https:\/\/www.weanhean.at\/content\/wp-content\/uploads\/2023\/04\/Magdalena-Ley_Ensemble_1_c_Gregor-Scheibl-und-Caroline-Sandler-300x169.jpg 300w, https:\/\/www.weanhean.at\/content\/wp-content\/uploads\/2023\/04\/Magdalena-Ley_Ensemble_1_c_Gregor-Scheibl-und-Caroline-Sandler-768x432.jpg 768w, https:\/\/www.weanhean.at\/content\/wp-content\/uploads\/2023\/04\/Magdalena-Ley_Ensemble_1_c_Gregor-Scheibl-und-Caroline-Sandler-1536x864.jpg 1536w, https:\/\/www.weanhean.at\/content\/wp-content\/uploads\/2023\/04\/Magdalena-Ley_Ensemble_1_c_Gregor-Scheibl-und-Caroline-Sandler-990x556.jpg 990w, https:\/\/www.weanhean.at\/content\/wp-content\/uploads\/2023\/04\/Magdalena-Ley_Ensemble_1_c_Gregor-Scheibl-und-Caroline-Sandler-1920x1080.jpg 1920w, https:\/\/www.weanhean.at\/content\/wp-content\/uploads\/2023\/04\/Magdalena-Ley_Ensemble_1_c_Gregor-Scheibl-und-Caroline-Sandler.jpg 2048w\" sizes=\"auto, (max-width: 1024px) 100vw, 1024px\" \/><\/figure>\n\n\n\n<figure class=\"wp-block-image size-large\"><img loading=\"lazy\" decoding=\"async\" width=\"1024\" height=\"684\" data-id=\"395\" src=\"https:\/\/www.weanhean.at\/content\/wp-content\/uploads\/2023\/02\/Mayer-Tunkowitsch-Havlicek_c_Clemens-Fabry-1024x684.jpg\" alt=\"\" class=\"wp-image-395\" srcset=\"https:\/\/www.weanhean.at\/content\/wp-content\/uploads\/2023\/02\/Mayer-Tunkowitsch-Havlicek_c_Clemens-Fabry-1024x684.jpg 1024w, https:\/\/www.weanhean.at\/content\/wp-content\/uploads\/2023\/02\/Mayer-Tunkowitsch-Havlicek_c_Clemens-Fabry-300x200.jpg 300w, https:\/\/www.weanhean.at\/content\/wp-content\/uploads\/2023\/02\/Mayer-Tunkowitsch-Havlicek_c_Clemens-Fabry-768x513.jpg 768w, https:\/\/www.weanhean.at\/content\/wp-content\/uploads\/2023\/02\/Mayer-Tunkowitsch-Havlicek_c_Clemens-Fabry-1536x1025.jpg 1536w, https:\/\/www.weanhean.at\/content\/wp-content\/uploads\/2023\/02\/Mayer-Tunkowitsch-Havlicek_c_Clemens-Fabry-2048x1367.jpg 2048w\" sizes=\"auto, (max-width: 1024px) 100vw, 1024px\" \/><\/figure>\n\n\n\n<figure class=\"wp-block-image size-large\"><img loading=\"lazy\" decoding=\"async\" width=\"1024\" height=\"683\" data-id=\"396\" src=\"https:\/\/www.weanhean.at\/content\/wp-content\/uploads\/2023\/02\/Peter-Havlicek_c_Stephan-Mussil-1024x683.jpg\" alt=\"\" class=\"wp-image-396\" srcset=\"https:\/\/www.weanhean.at\/content\/wp-content\/uploads\/2023\/02\/Peter-Havlicek_c_Stephan-Mussil-1024x683.jpg 1024w, https:\/\/www.weanhean.at\/content\/wp-content\/uploads\/2023\/02\/Peter-Havlicek_c_Stephan-Mussil-300x200.jpg 300w, https:\/\/www.weanhean.at\/content\/wp-content\/uploads\/2023\/02\/Peter-Havlicek_c_Stephan-Mussil-768x512.jpg 768w, https:\/\/www.weanhean.at\/content\/wp-content\/uploads\/2023\/02\/Peter-Havlicek_c_Stephan-Mussil-1536x1024.jpg 1536w, https:\/\/www.weanhean.at\/content\/wp-content\/uploads\/2023\/02\/Peter-Havlicek_c_Stephan-Mussil-2048x1365.jpg 2048w\" sizes=\"auto, (max-width: 1024px) 100vw, 1024px\" \/><\/figure>\n\n\n\n<figure class=\"wp-block-image size-large\"><img loading=\"lazy\" decoding=\"async\" width=\"730\" height=\"1024\" data-id=\"397\" src=\"https:\/\/www.weanhean.at\/content\/wp-content\/uploads\/2023\/02\/Vorstadtkollektiv_c_privat-730x1024.jpg\" alt=\"\" class=\"wp-image-397\" srcset=\"https:\/\/www.weanhean.at\/content\/wp-content\/uploads\/2023\/02\/Vorstadtkollektiv_c_privat-730x1024.jpg 730w, https:\/\/www.weanhean.at\/content\/wp-content\/uploads\/2023\/02\/Vorstadtkollektiv_c_privat-214x300.jpg 214w, https:\/\/www.weanhean.at\/content\/wp-content\/uploads\/2023\/02\/Vorstadtkollektiv_c_privat-768x1078.jpg 768w, https:\/\/www.weanhean.at\/content\/wp-content\/uploads\/2023\/02\/Vorstadtkollektiv_c_privat-1094x1536.jpg 1094w, https:\/\/www.weanhean.at\/content\/wp-content\/uploads\/2023\/02\/Vorstadtkollektiv_c_privat.jpg 1140w\" sizes=\"auto, (max-width: 730px) 100vw, 730px\" \/><\/figure>\n\n\n\n<figure class=\"wp-block-image size-large\"><img loading=\"lazy\" decoding=\"async\" width=\"1024\" height=\"1024\" data-id=\"286\" src=\"https:\/\/www.weanhean.at\/content\/wp-content\/uploads\/2023\/02\/09052023_60Jahre-Havliceker_c_Herbert-Zotti-1024x1024.jpg\" alt=\"\" class=\"wp-image-286\" srcset=\"https:\/\/www.weanhean.at\/content\/wp-content\/uploads\/2023\/02\/09052023_60Jahre-Havliceker_c_Herbert-Zotti-1024x1024.jpg 1024w, https:\/\/www.weanhean.at\/content\/wp-content\/uploads\/2023\/02\/09052023_60Jahre-Havliceker_c_Herbert-Zotti-300x300.jpg 300w, https:\/\/www.weanhean.at\/content\/wp-content\/uploads\/2023\/02\/09052023_60Jahre-Havliceker_c_Herbert-Zotti-150x150.jpg 150w, https:\/\/www.weanhean.at\/content\/wp-content\/uploads\/2023\/02\/09052023_60Jahre-Havliceker_c_Herbert-Zotti-768x767.jpg 768w, https:\/\/www.weanhean.at\/content\/wp-content\/uploads\/2023\/02\/09052023_60Jahre-Havliceker_c_Herbert-Zotti-1536x1536.jpg 1536w, https:\/\/www.weanhean.at\/content\/wp-content\/uploads\/2023\/02\/09052023_60Jahre-Havliceker_c_Herbert-Zotti-2048x2046.jpg 2048w, https:\/\/www.weanhean.at\/content\/wp-content\/uploads\/2023\/02\/09052023_60Jahre-Havliceker_c_Herbert-Zotti-640x640.jpg 640w, https:\/\/www.weanhean.at\/content\/wp-content\/uploads\/2023\/02\/09052023_60Jahre-Havliceker_c_Herbert-Zotti-180x180.jpg 180w, https:\/\/www.weanhean.at\/content\/wp-content\/uploads\/2023\/02\/09052023_60Jahre-Havliceker_c_Herbert-Zotti-50x50.jpg 50w\" sizes=\"auto, (max-width: 1024px) 100vw, 1024px\" \/><\/figure>\n<\/figure>\n","protected":false},"excerpt":{"rendered":"<p>OLLE OCHTUNG, HERR FESSA!60 JAHRE HAVLICEKER \u201cHoch im Nirvana der Kunst, braucht\u2019s immer auch Genie der Organisation. Ein Meister f\u00fcrwahr, f\u00fcr alle sichtbar, zupft da an der Kontragitarr\u2019.\u201d Welch\u2019 wahre<a href=\"https:\/\/www.weanhean.at\/content\/weanhean2023\/programm2023\/dienstag-9-mai-2023\/\" class=\"more-link\"><span class=\"readmore\">Continue reading<span class=\"screen-reader-text\">DIENSTAG, 9. MAI 2023<\/span><\/span><\/a><\/p>\n","protected":false},"author":1,"featured_media":847,"parent":16,"menu_order":0,"comment_status":"closed","ping_status":"closed","template":"","meta":{"footnotes":""},"class_list":["post-394","page","type-page","status-publish","has-post-thumbnail","hentry"],"_links":{"self":[{"href":"https:\/\/www.weanhean.at\/content\/wp-json\/wp\/v2\/pages\/394","targetHints":{"allow":["GET"]}}],"collection":[{"href":"https:\/\/www.weanhean.at\/content\/wp-json\/wp\/v2\/pages"}],"about":[{"href":"https:\/\/www.weanhean.at\/content\/wp-json\/wp\/v2\/types\/page"}],"author":[{"embeddable":true,"href":"https:\/\/www.weanhean.at\/content\/wp-json\/wp\/v2\/users\/1"}],"replies":[{"embeddable":true,"href":"https:\/\/www.weanhean.at\/content\/wp-json\/wp\/v2\/comments?post=394"}],"version-history":[{"count":12,"href":"https:\/\/www.weanhean.at\/content\/wp-json\/wp\/v2\/pages\/394\/revisions"}],"predecessor-version":[{"id":1189,"href":"https:\/\/www.weanhean.at\/content\/wp-json\/wp\/v2\/pages\/394\/revisions\/1189"}],"up":[{"embeddable":true,"href":"https:\/\/www.weanhean.at\/content\/wp-json\/wp\/v2\/pages\/16"}],"wp:featuredmedia":[{"embeddable":true,"href":"https:\/\/www.weanhean.at\/content\/wp-json\/wp\/v2\/media\/847"}],"wp:attachment":[{"href":"https:\/\/www.weanhean.at\/content\/wp-json\/wp\/v2\/media?parent=394"}],"curies":[{"name":"wp","href":"https:\/\/api.w.org\/{rel}","templated":true}]}}